{"id":40,"date":"2015-09-19T18:26:52","date_gmt":"2015-09-19T18:26:52","guid":{"rendered":"http:\/\/www.xn--bagaregrden-38a.se\/?page_id=40"},"modified":"2015-10-22T11:43:42","modified_gmt":"2015-10-22T11:43:42","slug":"bagarn","status":"publish","type":"page","link":"https:\/\/www.xn--bagaregrden-38a.se\/?page_id=40","title":{"rendered":"Bagaren"},"content":{"rendered":"<p>Namnet Bagareg\u00e5rden kom i bruk f\u00f6rst sent p\u00e5 1800-talet, dock p\u00e5tr\u00e4ffas namnet &#8220;Bakareg\u00e5rden&#8221; i en skrivelse till magistraten redan 1671. Bagaren Joachim Sch\u00f6nfelt betalade \u00e5r 1651 10 daler och 16<img loading=\"lazy\" decoding=\"async\" class=\"size-medium wp-image-6 alignright\" src=\"http:\/\/www.xn--bagaregrden-38a.se\/wp-content\/uploads\/2015\/09\/48c57629a6a43e7adcf4126da4a15581-300x193.jpg\" alt=\"48c57629a6a43e7adcf4126da4a15581\" width=\"300\" height=\"193\" srcset=\"https:\/\/www.xn--bagaregrden-38a.se\/wp-content\/uploads\/2015\/09\/48c57629a6a43e7adcf4126da4a15581-300x193.jpg 300w, https:\/\/www.xn--bagaregrden-38a.se\/wp-content\/uploads\/2015\/09\/48c57629a6a43e7adcf4126da4a15581-1024x658.jpg 1024w\" sizes=\"auto, (max-width: 300px) 100vw, 300px\" \/> \u00f6re &#8220;f\u00f6r et stycke Landh wedh Herlanna, som Torsten Bechbrennare til forne brukat&#8221;. Det \u00e4r efter denne bagaren som stadsdelen f\u00e5tt sitt namn.<\/p>\n","protected":false},"excerpt":{"rendered":"<p>Namnet Bagareg\u00e5rden kom i bruk f\u00f6rst sent p\u00e5 1800-talet, dock p\u00e5tr\u00e4ffas namnet &#8220;Bakareg\u00e5rden&#8221; i en skrivelse till magistraten redan 1671. Bagaren Joachim Sch\u00f6nfelt betalade \u00e5r 1651 10 daler och 16 \u00f6re &#8220;f\u00f6r et stycke Landh wedh Herlanna, som Torsten Bechbrennare til forne brukat&#8221;. Det \u00e4r efter denne bagaren som stadsdelen f\u00e5tt sitt namn.<\/p>\n","protected":false},"author":1,"featured_media":0,"parent":0,"menu_order":0,"comment_status":"closed","ping_status":"closed","template":"","meta":{"footnotes":""},"class_list":["post-40","page","type-page","status-publish","hentry"],"_links":{"self":[{"href":"https:\/\/www.xn--bagaregrden-38a.se\/index.php?rest_route=\/wp\/v2\/pages\/40","targetHints":{"allow":["GET"]}}],"collection":[{"href":"https:\/\/www.xn--bagaregrden-38a.se\/index.php?rest_route=\/wp\/v2\/pages"}],"about":[{"href":"https:\/\/www.xn--bagaregrden-38a.se\/index.php?rest_route=\/wp\/v2\/types\/page"}],"author":[{"embeddable":true,"href":"https:\/\/www.xn--bagaregrden-38a.se\/index.php?rest_route=\/wp\/v2\/users\/1"}],"replies":[{"embeddable":true,"href":"https:\/\/www.xn--bagaregrden-38a.se\/index.php?rest_route=%2Fwp%2Fv2%2Fcomments&post=40"}],"version-history":[{"count":2,"href":"https:\/\/www.xn--bagaregrden-38a.se\/index.php?rest_route=\/wp\/v2\/pages\/40\/revisions"}],"predecessor-version":[{"id":50,"href":"https:\/\/www.xn--bagaregrden-38a.se\/index.php?rest_route=\/wp\/v2\/pages\/40\/revisions\/50"}],"wp:attachment":[{"href":"https:\/\/www.xn--bagaregrden-38a.se\/index.php?rest_route=%2Fwp%2Fv2%2Fmedia&parent=40"}],"curies":[{"name":"wp","href":"https:\/\/api.w.org\/{rel}","templated":true}]}}