{"id":2,"date":"2012-06-13T20:23:57","date_gmt":"2012-06-13T20:23:57","guid":{"rendered":"http:\/\/andrabohus.kramas.nu\/wordpress\/?page_id=2"},"modified":"2015-09-19T07:16:05","modified_gmt":"2015-09-19T07:16:05","slug":"sample-page","status":"publish","type":"page","link":"https:\/\/www.xn--bagaregrden-38a.se\/?page_id=2","title":{"rendered":"Bagareg\u00e5rden, Historien"},"content":{"rendered":"<p><a href=\"http:\/\/www.xn--bagaregrden-38a.se\/wp-content\/uploads\/2012\/06\/Albert_Liljenberg_1920a.jpg\"><img loading=\"lazy\" decoding=\"async\" class=\"size-full wp-image-23 alignright\" src=\"http:\/\/www.xn--bagaregrden-38a.se\/wp-content\/uploads\/2012\/06\/Albert_Liljenberg_1920a.jpg\" alt=\"Albert_Liljenberg_1920a\" width=\"170\" height=\"217\" \/><\/a>Under \u00e5ren 1907-27, d\u00e5\u00a0<a title=\"Albert Lilienberg\" href=\"https:\/\/sv.wikipedia.org\/wiki\/Albert_Lilienberg\">Albert Lilienberg<\/a>\u00a0var stadsingenj\u00f6r i G\u00f6teborg, inf\u00f6rdes en ny typ av stadsplan, som var mer oregelbunden och anpassad till terr\u00e4ngen. \u00c5r 1911 fastst\u00e4lldes en medeltidsinpirerad\u00a0<a class=\"mw-redirect\" title=\"Stadsplan\" href=\"https:\/\/sv.wikipedia.org\/wiki\/Stadsplan\">stadsplan<\/a>\u00a0f\u00f6r hela Bagareg\u00e5rden som blev internationellt uppm\u00e4rksammad p\u00e5 en stadsplaneutst\u00e4llning. Gatustrukturen har de f\u00f6r Lilienberg s\u00e5 karakteristiska l\u00e4tt kr\u00f6kta gatorna och sm\u00e5 platsbildningar s\u00e5som Uddevallaplatsen, Gustavsplatsen och Viloplatsen. Platserna och gatorna \u00e4r tr\u00e4dplanterade. De planerades av Lilienberg, som f\u00f6respr\u00e5kade &#8220;gatans konst&#8221;, och \u00e4ven detaljerna i stadsmilj\u00f6n som nyttobyggnader, lyktstolpar, bror\u00e4cken med mera, fick stor uppm\u00e4rksamhet.<sup id=\"cite_ref-16\" class=\"reference\"><a href=\"https:\/\/sv.wikipedia.org\/wiki\/Bagareg%C3%A5rden#cite_note-16\"><span class=\"cite-reference-link-bracket\">[<\/span>16<span class=\"cite-reference-link-bracket\">]<\/span><\/a><\/sup>\u00a0Planen utformades enligt d\u00e5tidens ideal med gator som f\u00f6ljer terr\u00e4ngen samt oregelbundna kvarter, Lilienberg utvecklade den \u00f6sterrikiske arkitekten\u00a0<a title=\"Camillo Sitte\" href=\"https:\/\/sv.wikipedia.org\/wiki\/Camillo_Sitte\">Camillo Sittes<\/a>\u00a0id\u00e9er. Den v\u00e4stra delen av Bagareg\u00e5rden byggdes ut med\u00a0<a title=\"Landsh\u00f6vdingehus\" href=\"https:\/\/sv.wikipedia.org\/wiki\/Landsh%C3%B6vdingehus\">landsh\u00f6vdingehus<\/a>\u00a0och villor \u00e5ren 1914\u201330, och p\u00e5 sluttningen mot H\u00e4rlandav\u00e4gen tillkom &#8220;<a title=\"Vidk\u00e4rr\" href=\"https:\/\/sv.wikipedia.org\/wiki\/Vidk%C3%A4rr\">Vidk\u00e4rrs<\/a>\u00a0<a title=\"Tr\u00e4dg\u00e5rdsstad\" href=\"https:\/\/sv.wikipedia.org\/wiki\/Tr%C3%A4dg%C3%A5rdsstad\">tr\u00e4dg\u00e5rdsstad<\/a>&#8221; samt n\u00e5gra landsh\u00f6vdingehus vilka var\u00a0<a title=\"HSB\" href=\"https:\/\/sv.wikipedia.org\/wiki\/HSB\">HSB<\/a>:s f\u00f6rsta i G\u00f6teborg. Lilienbergs plan f\u00f6r de \u00f6stra delarna fullf\u00f6ljdes d\u00e4remot inte, utan ist\u00e4llet uppr\u00e4ttades en ny stadsplan 1942 och omr\u00e5det som numera kallas\u00a0<a title=\"Str\u00f6mmensberg\" href=\"https:\/\/sv.wikipedia.org\/wiki\/Str%C3%B6mmensberg\">Str\u00f6mmensberg<\/a>\u00a0bebyggdes med\u00a0<a class=\"mw-redirect\" title=\"Lamellhus\" href=\"https:\/\/sv.wikipedia.org\/wiki\/Lamellhus\">lamellhus<\/a>\u00a0och\u00a0<a class=\"mw-redirect\" title=\"Punkthus\" href=\"https:\/\/sv.wikipedia.org\/wiki\/Punkthus\">punkthus<\/a>\u00a01944\u201358. V\u00e4stra Bagareg\u00e5rden ing\u00e5r i kommunens &#8220;Bevaringsprogram 1975&#8221;, med bebyggelsen v\u00e4ster om Stockholmsgatan, samt &#8220;V\u00e4rdefulla milj\u00f6er 1985&#8221;, bebyggelsen v\u00e4ster om Stockholmsgatan samt kvarteret 14 H\u00f6kens\u00e5s. Dessutom &#8220;Skydd enligt\u00a0<a title=\"Naturresurslagen\" href=\"https:\/\/sv.wikipedia.org\/wiki\/Naturresurslagen\">NRL<\/a>\u00a02 kapitlet\u00a0<a title=\"Riksintresse\" href=\"https:\/\/sv.wikipedia.org\/wiki\/Riksintresse\">Riksintresse<\/a>&#8220;, hela omr\u00e5det.<sup id=\"cite_ref-17\" class=\"reference\"><a href=\"https:\/\/sv.wikipedia.org\/wiki\/Bagareg%C3%A5rden#cite_note-17\"><span class=\"cite-reference-link-bracket\">[<\/span>17<span class=\"cite-reference-link-bracket\">]<\/span><\/a><\/sup><sup id=\"cite_ref-18\" class=\"reference\"><a href=\"https:\/\/sv.wikipedia.org\/wiki\/Bagareg%C3%A5rden#cite_note-18\"><span class=\"cite-reference-link-bracket\">[<\/span>18<span class=\"cite-reference-link-bracket\">]<\/span><\/a><\/sup><\/p>\n","protected":false},"excerpt":{"rendered":"<p>Under \u00e5ren 1907-27, d\u00e5\u00a0Albert Lilienberg\u00a0var stadsingenj\u00f6r i G\u00f6teborg, inf\u00f6rdes en ny typ av stadsplan, som var mer oregelbunden och anpassad till terr\u00e4ngen. \u00c5r 1911 fastst\u00e4lldes en medeltidsinpirerad\u00a0stadsplan\u00a0f\u00f6r hela Bagareg\u00e5rden som blev internationellt uppm\u00e4rksammad p\u00e5 en stadsplaneutst\u00e4llning. Gatustrukturen har de f\u00f6r Lilienberg s\u00e5 karakteristiska l\u00e4tt kr\u00f6kta gatorna och sm\u00e5 platsbildningar s\u00e5som Uddevallaplatsen, Gustavsplatsen och Viloplatsen. Platserna &hellip; <a href=\"https:\/\/www.xn--bagaregrden-38a.se\/?page_id=2\" class=\"more-link\">Continue reading <span class=\"screen-reader-text\">Bagareg\u00e5rden, Historien<\/span> <span class=\"meta-nav\">&rarr;<\/span><\/a><\/p>\n","protected":false},"author":1,"featured_media":0,"parent":0,"menu_order":0,"comment_status":"open","ping_status":"open","template":"","meta":{"footnotes":""},"class_list":["post-2","page","type-page","status-publish","hentry"],"_links":{"self":[{"href":"https:\/\/www.xn--bagaregrden-38a.se\/index.php?rest_route=\/wp\/v2\/pages\/2","targetHints":{"allow":["GET"]}}],"collection":[{"href":"https:\/\/www.xn--bagaregrden-38a.se\/index.php?rest_route=\/wp\/v2\/pages"}],"about":[{"href":"https:\/\/www.xn--bagaregrden-38a.se\/index.php?rest_route=\/wp\/v2\/types\/page"}],"author":[{"embeddable":true,"href":"https:\/\/www.xn--bagaregrden-38a.se\/index.php?rest_route=\/wp\/v2\/users\/1"}],"replies":[{"embeddable":true,"href":"https:\/\/www.xn--bagaregrden-38a.se\/index.php?rest_route=%2Fwp%2Fv2%2Fcomments&post=2"}],"version-history":[{"count":3,"href":"https:\/\/www.xn--bagaregrden-38a.se\/index.php?rest_route=\/wp\/v2\/pages\/2\/revisions"}],"predecessor-version":[{"id":24,"href":"https:\/\/www.xn--bagaregrden-38a.se\/index.php?rest_route=\/wp\/v2\/pages\/2\/revisions\/24"}],"wp:attachment":[{"href":"https:\/\/www.xn--bagaregrden-38a.se\/index.php?rest_route=%2Fwp%2Fv2%2Fmedia&parent=2"}],"curies":[{"name":"wp","href":"https:\/\/api.w.org\/{rel}","templated":true}]}}